{"id":78,"date":"2022-10-17T07:03:13","date_gmt":"2022-10-17T07:03:13","guid":{"rendered":"https:\/\/asprea.org\/sitio\/index.php\/home\/"},"modified":"2024-05-30T03:18:19","modified_gmt":"2024-05-30T03:18:19","slug":"actualidad","status":"publish","type":"page","link":"https:\/\/asprea.org\/","title":{"rendered":"Actualidad"},"content":{"rendered":"\n<div class=\"wp-block-uagb-container uagb-block-a6ca5a62 alignfull uagb-is-root-container\"><\/div>\n\n\n\n<div class=\"wp-block-uagb-container uagb-block-3842475d alignfull uagb-is-root-container\">\n<div class=\"wp-block-uagb-container uagb-block-47c374bf\">\n<div class=\"wp-block-uagb-info-box uagb-block-f37695df uagb-infobox__content-wrap  uagb-infobox-icon-above-title uagb-infobox-image-valign-top\"><div class=\"uagb-ifb-content\"><div class=\"uagb-ifb-title-wrap\"><h5 class=\"uagb-ifb-title\"><strong>\u00bfQu\u00e9 es Asprea?<\/strong><\/h5><\/div><p class=\"uagb-ifb-desc\">Asprea &#8211; Asociaci\u00f3n Colombiana de Profesionales con Estudio en la Rep\u00fablica Federal de Alemania &#8211;  promueve la colaboraci\u00f3n interdisciplinaria entre los profesionales y t\u00e9cnicos colombianos con estudios en Alemania y fortalece los v\u00ednculos de cooperaci\u00f3n colombo-alemanes, a trav\u00e9s del conocimiento sobre los dos pa\u00edses, en aspectos culturales y cient\u00edficos. Asesora a estudiantes que regresan al pa\u00eds despu\u00e9s de sus estudios en Alemania.<br><strong>&nbsp;Was ist Asprea?<\/strong><br>Die Vereinigung f\u00fcr ehemalige Studenten mit Studium in Deutschland-ASPREA, mit Sitz in Bogota, ist eine Nonprofit-Organisation, mit dem Ziel, Kontakte und Zusammenarbeit zwischen Deutschland und Kolumbien, besonders in Bereich Kulturleben und Wissenschaft, zu f\u00f6rdern. Au\u00dferdem beraten unsere Mitglieder neue Studenten, die wieder nach Kolumbien zur\u00fcckkehren.<\/p><\/div><\/div>\n<\/div>\n\n\n\n<div class=\"wp-block-uagb-container uagb-block-4eba615b\"><\/div>\n<\/div>\n\n\n\n<div class=\"wp-block-uagb-container uagb-block-219236fa alignfull uagb-is-root-container\"><div class=\"uagb-container__shape uagb-container__shape-top\"><svg xmlns=\"https:\/\/www.w3.org\/2000\/svg\" viewBox=\"0 0 1000 100\" preserveAspectRatio=\"none\"><path class=\"uagb-container__shape-fill\" opacity=\"0.33\" d=\"M473,67.3c-203.9,88.3-263.1-34-320.3,0C66,119.1,0,59.7,0,59.7V0h1000v59.7 c0,0-62.1,26.1-94.9,29.3c-32.8,3.3-62.8-12.3-75.8-22.1C806,49.6,745.3,8.7,694.9,4.7S492.4,59,473,67.3z\"><\/path><path class=\"uagb-container__shape-fill\" opacity=\"0.66\" d=\"M734,67.3c-45.5,0-77.2-23.2-129.1-39.1c-28.6-8.7-150.3-10.1-254,39.1 s-91.7-34.4-149.2,0C115.7,118.3,0,39.8,0,39.8V0h1000v36.5c0,0-28.2-18.5-92.1-18.5C810.2,18.1,775.7,67.3,734,67.3z\"><\/path><path class=\"uagb-container__shape-fill\" d=\"M766.1,28.9c-200-57.5-266,65.5-395.1,19.5C242,1.8,242,5.4,184.8,20.6C128,35.8,132.3,44.9,89.9,52.5C28.6,63.7,0,0,0,0 h1000c0,0-9.9,40.9-83.6,48.1S829.6,47,766.1,28.9z\"><\/path><\/svg><\/div>\n<div class=\"wp-block-uagb-advanced-heading uagb-block-59ba374b\"><div class=\"uagb-heading-text\">Me siento orgulloso, de hacer de ASPREA una comunidad libre de formalismos, con amigos dispuestos a dedicar parte de su tiempo a mantener<\/div><\/div>\n\n\n\n<div class=\"wp-block-uagb-advanced-heading uagb-block-89491536\"><div class=\"uagb-heading-text\">vivos los v\u00ednculos de uni\u00f3n de Alemania y Colombia. <br>Carlos Guti\u00e9rrez  Ex-presidente de Asprea. Discurso de celebraci\u00f3n de los 30 a\u00f1os de Asprea 2009<\/div><\/div>\n<\/div>\n","protected":false},"excerpt":{"rendered":"<p>Me siento orgulloso, de hacer de ASPREA una comunidad libre de formalismos, con amigos dispuestos a dedicar parte de su tiempo a mantener vivos los v\u00ednculos de uni\u00f3n de Alemania y Colombia. Carlos Guti\u00e9rrez Ex-presidente de Asprea. Discurso de celebraci\u00f3n de los 30 a\u00f1os de Asprea 2009<\/p>\n","protected":false},"author":1,"featured_media":0,"parent":0,"menu_order":0,"comment_status":"closed","ping_status":"closed","template":"","meta":{"_uag_custom_page_level_css":"","site-sidebar-layout":"default","site-content-layout":"page-builder","ast-site-content-layout":"full-width-container","site-content-style":"unboxed","site-sidebar-style":"unboxed","ast-global-header-display":"","ast-banner-title-visibility":"","ast-main-header-display":"","ast-hfb-above-header-display":"","ast-hfb-below-header-display":"","ast-hfb-mobile-header-display":"","site-post-title":"disabled","ast-breadcrumbs-content":"","ast-featured-img":"","footer-sml-layout":"","theme-transparent-header-meta":"disabled","adv-header-id-meta":"","stick-header-meta":"","header-above-stick-meta":"","header-main-stick-meta":"","header-below-stick-meta":"","astra-migrate-meta-layouts":"set","ast-page-background-enabled":"default","ast-page-background-meta":{"desktop":{"background-color":"var(--ast-global-color-4)","background-image":"","background-repeat":"repeat","background-position":"center center","background-size":"auto","background-attachment":"scroll","background-type":"","background-media":"","overlay-type":"","overlay-color":"","overlay-opacity":"","overlay-gradient":""},"tablet":{"background-color":"","background-image":"","background-repeat":"repeat","background-position":"center center","background-size":"auto","background-attachment":"scroll","background-type":"","background-media":"","overlay-type":"","overlay-color":"","overlay-opacity":"","overlay-gradient":""},"mobile":{"background-color":"","background-image":"","background-repeat":"repeat","background-position":"center center","background-size":"auto","background-attachment":"scroll","background-type":"","background-media":"","overlay-type":"","overlay-color":"","overlay-opacity":"","overlay-gradient":""}},"ast-content-background-meta":{"desktop":{"background-color":"var(--ast-global-color-5)","background-image":"","background-repeat":"repeat","background-position":"center center","background-size":"auto","background-attachment":"scroll","background-type":"","background-media":"","overlay-type":"","overlay-color":"","overlay-opacity":"","overlay-gradient":""},"tablet":{"background-color":"var(--ast-global-color-5)","background-image":"","background-repeat":"repeat","background-position":"center center","background-size":"auto","background-attachment":"scroll","background-type":"","background-media":"","overlay-type":"","overlay-color":"","overlay-opacity":"","overlay-gradient":""},"mobile":{"background-color":"var(--ast-global-color-5)","background-image":"","background-repeat":"repeat","background-position":"center center","background-size":"auto","background-attachment":"scroll","background-type":"","background-media":"","overlay-type":"","overlay-color":"","overlay-opacity":"","overlay-gradient":""}},"footnotes":""},"class_list":["post-78","page","type-page","status-publish","hentry"],"uagb_featured_image_src":{"full":false,"thumbnail":false,"medium":false,"medium_large":false,"large":false,"1536x1536":false,"2048x2048":false},"uagb_author_info":{"display_name":"master","author_link":"https:\/\/asprea.org\/index.php\/author\/master\/"},"uagb_comment_info":0,"uagb_excerpt":"Me siento orgulloso, de hacer de ASPREA una comunidad libre de formalismos, con amigos dispuestos a dedicar parte de su tiempo a mantener vivos los v\u00ednculos de uni\u00f3n de Alemania y Colombia. Carlos Guti\u00e9rrez Ex-presidente de Asprea. Discurso de celebraci\u00f3n de los 30 a\u00f1os de Asprea 2009","_links":{"self":[{"href":"https:\/\/asprea.org\/index.php\/wp-json\/wp\/v2\/pages\/78","targetHints":{"allow":["GET"]}}],"collection":[{"href":"https:\/\/asprea.org\/index.php\/wp-json\/wp\/v2\/pages"}],"about":[{"href":"https:\/\/asprea.org\/index.php\/wp-json\/wp\/v2\/types\/page"}],"author":[{"embeddable":true,"href":"https:\/\/asprea.org\/index.php\/wp-json\/wp\/v2\/users\/1"}],"replies":[{"embeddable":true,"href":"https:\/\/asprea.org\/index.php\/wp-json\/wp\/v2\/comments?post=78"}],"version-history":[{"count":145,"href":"https:\/\/asprea.org\/index.php\/wp-json\/wp\/v2\/pages\/78\/revisions"}],"predecessor-version":[{"id":1869,"href":"https:\/\/asprea.org\/index.php\/wp-json\/wp\/v2\/pages\/78\/revisions\/1869"}],"wp:attachment":[{"href":"https:\/\/asprea.org\/index.php\/wp-json\/wp\/v2\/media?parent=78"}],"curies":[{"name":"wp","href":"https:\/\/api.w.org\/{rel}","templated":true}]}}