{"id":77,"date":"2022-10-17T07:03:13","date_gmt":"2022-10-17T07:03:13","guid":{"rendered":"https:\/\/asprea.org\/sitio\/index.php\/services\/"},"modified":"2024-05-14T02:22:01","modified_gmt":"2024-05-14T02:22:01","slug":"servicios","status":"publish","type":"page","link":"https:\/\/asprea.org\/index.php\/servicios\/","title":{"rendered":"Servicios"},"content":{"rendered":"\n<div class=\"wp-block-uagb-container uagb-block-3df55296 alignfull uagb-is-root-container\"><div class=\"uagb-container-inner-blocks-wrap\">\n<div class=\"wp-block-uagb-advanced-heading uagb-block-90b3859d\"><h2 class=\"uagb-heading-text\">Servicios<\/h2><\/div>\n<\/div><\/div>\n\n\n\n<div class=\"wp-block-uagb-container uagb-block-ad7f9d4d alignfull uagb-is-root-container\"><div class=\"uagb-container-inner-blocks-wrap\">\n<p class=\"has-text-align-center has-black-color has-pale-cyan-blue-background-color has-text-color has-background\" style=\"font-size:15px\">Entre los principales servicios que se ofrece al pertenecer a la asociaci\u00f3n se cuentan la participaci\u00f3n en seminarios de temas de actualidad, excursiones, concursos, convenios de descuento con teatros, restaurantes y casas editoriales, posibilidad de liderar proyectos de inter\u00e9s en el marco de la cooperaci\u00f3n colombo-alemana, as\u00ed como informaci\u00f3n de oportunidades acad\u00e9micas de posgrado en Alemania. <\/p>\n<\/div><\/div>\n\n\n\n<div class=\"wp-block-uagb-container uagb-block-b78cc02f alignfull uagb-is-root-container\"><div class=\"uagb-container-inner-blocks-wrap\">\n<div class=\"wp-block-uagb-container uagb-block-736ef791\">\n<div class=\"wp-block-uagb-info-box uagb-block-fc86f78d uagb-infobox__content-wrap  uagb-infobox-icon-above-title uagb-infobox-image-valign-top\"><div class=\"uagb-ifb-content\"><div class=\"uagb-ifb-title-wrap\"><h3 class=\"uagb-ifb-title\">Informaci\u00f3n becas DAAD\u200b<br>2025-2026<\/h3><\/div><p class=\"uagb-ifb-desc\">Para este per\u00edodo los programas de cursos de posgrado relativos a las becas del DAAD se enfocan en el  desarrollo sostenible. Un gran n\u00famero de estos programas  se hacen no solo en Alem\u00e1n, tambi\u00e9n en Ingl\u00e9s. Si requiere informaci\u00f3n adicional sobre que programas se ofrecen, p\u00f3nganse en contacto con nosotros (<a href=\"mailto:asprea01@yahoo.com\">asprea01@yahoo.com<\/a>) o con el DAAD en su oficina regional de Bogot\u00e1 (https:\/\/daad.co)<\/p><div class=\"uagb-ifb-button-wrapper wp-block-button\"><a href=\"\/\/www.asprea.org\/DAAD_Programmbroschu\u0308re_Entwicklungsbezogene_Studienga\u0308nge_25-26.pdf\" target=\"_self\" onclick=\"return true;\" class=\"uagb-infobox-cta-link\" rel=\"noopener noreferrer\" alt=\"\"><span class=\"uagb-inline-editing\">Enlace<\/span><svg xmlns=\"https:\/\/www.w3.org\/2000\/svg\" viewBox=\"0 0 448 512\"><path d=\"M438.6 278.6l-160 160C272.4 444.9 264.2 448 256 448s-16.38-3.125-22.62-9.375c-12.5-12.5-12.5-32.75 0-45.25L338.8 288H32C14.33 288 .0016 273.7 .0016 256S14.33 224 32 224h306.8l-105.4-105.4c-12.5-12.5-12.5-32.75 0-45.25s32.75-12.5 45.25 0l160 160C451.1 245.9 451.1 266.1 438.6 278.6z\"><\/path><\/svg><\/a><\/div><\/div><\/div>\n<\/div>\n\n\n\n<div class=\"wp-block-uagb-container uagb-block-6872b32a\">\n<div class=\"wp-block-uagb-image uagb-block-f4e04ae3 wp-block-uagb-image--layout-default wp-block-uagb-image--effect-zoomin wp-block-uagb-image--align-none\"><figure class=\"wp-block-uagb-image__figure\"><img decoding=\"async\" srcset=\"https:\/\/asprea.org\/sitio\/wp-content\/uploads\/2023\/05\/DAAD-y-Alumni-min.png ,https:\/\/websitedemos.net\/earth-08\/wp-content\/uploads\/sites\/1130\/2022\/10\/Graphic-Design-1024x806.jpg 780w, https:\/\/websitedemos.net\/earth-08\/wp-content\/uploads\/sites\/1130\/2022\/10\/Graphic-Design-1024x806.jpg 360w\" sizes=\"auto, (max-width: 480px) 150px\" src=\"https:\/\/asprea.org\/sitio\/wp-content\/uploads\/2023\/05\/DAAD-y-Alumni-min.png\" alt=\"\" class=\"uag-image-1351\" width=\"648\" height=\"484\" title=\"\" loading=\"lazy\"\/><\/figure><\/div>\n<\/div>\n<\/div><\/div>\n\n\n\n<div class=\"wp-block-uagb-container uagb-block-01a5fc1c alignfull uagb-is-root-container\"><div class=\"uagb-container-inner-blocks-wrap\">\n<div class=\"wp-block-uagb-container uagb-block-ac5a5604\">\n<div class=\"wp-block-uagb-image uagb-block-78a56ff9 wp-block-uagb-image--layout-default wp-block-uagb-image--effect-zoomin wp-block-uagb-image--align-none\"><figure class=\"wp-block-uagb-image__figure\"><img decoding=\"async\" srcset=\"https:\/\/asprea.org\/sitio\/wp-content\/uploads\/2023\/05\/asesquile-min.png , https:\/\/asprea.org\/sitio\/wp-content\/uploads\/2023\/05\/asesquile-min-300x252.png 360w\" sizes=\"auto, (max-width: 480px) 150px\" src=\"https:\/\/asprea.org\/sitio\/wp-content\/uploads\/2023\/05\/asesquile-min.png\" alt=\"\" class=\"uag-image-1251\" width=\"594\" height=\"400\" title=\"\" loading=\"lazy\"\/><\/figure><\/div>\n<\/div>\n\n\n\n<div class=\"wp-block-uagb-container uagb-block-6265bbb4\">\n<div class=\"wp-block-uagb-info-box uagb-block-f2812637 uagb-infobox__content-wrap  uagb-infobox-icon-above-title uagb-infobox-image-valign-top\"><div class=\"uagb-ifb-content\"><div class=\"uagb-ifb-title-wrap\"><h3 class=\"uagb-ifb-title\">Actividades Integraci\u00f3n<\/h3><\/div><p class=\"uagb-ifb-desc\">Asprea ofrece a sus afiliados actividades de entretenimiento como caminatas en los alrededores de la capital, oportunidades de practicar el idioma alem\u00e1n en el club de conversaci\u00f3n (\u00abGespr\u00e4chkreis\u00bb), encuentros sociales, seminarios, concursos relacionados con la cultura colombo-alemana, encuentros virtuales y presenciales gastron\u00f3micos con los que se fortalece la amistad y el encuentro de nuestras culturas. <\/p><div class=\"uagb-ifb-button-wrapper wp-block-button\"><a href=\"https:\/\/www.edicionesantropos.com\/\" class=\"uagb-infobox-cta-link wp-block-button__link\" target=\"_blank\" rel=\"noopener noreferrer\" onclick=\"return true;\" alt=\"\"><span class=\"uagb-inline-editing\"><\/span><\/a><\/div><\/div><\/div>\n<\/div>\n<\/div><\/div>\n\n\n\n<div class=\"wp-block-uagb-container uagb-block-8744eb77 alignfull uagb-is-root-container\"><div class=\"uagb-container-inner-blocks-wrap\">\n<div class=\"wp-block-uagb-container uagb-block-567adf1c\">\n<div class=\"wp-block-uagb-info-box uagb-block-db1d5cd6 uagb-infobox__content-wrap  uagb-infobox-icon-above-title uagb-infobox-image-valign-top\"><div class=\"uagb-ifb-content\"><div class=\"uagb-ifb-title-wrap\"><h3 class=\"uagb-ifb-title\">Descuentos en Teatro Mayor Julio Mario Santodomingo<\/h3><\/div><p class=\"uagb-ifb-desc\">Descuentos en espect\u00e1culos y presentaciones pagas hasta 4 boletas por afiliado de la asociaci\u00f3n. Presentado vigencia de afiliaci\u00f3n en la taquilla del teatro. ( Aplican Restricciones)<\/p><div class=\"uagb-ifb-button-wrapper wp-block-button\"><a href=\"https:\/\/www.teatromayor.org\/\" target=\"_blank\" onclick=\"return true;\" class=\"uagb-infobox-cta-link\" rel=\"noopener noreferrer\" alt=\"\"><span class=\"uagb-inline-editing\">ENLACE<\/span><svg xmlns=\"https:\/\/www.w3.org\/2000\/svg\" viewBox=\"0 0 448 512\"><path d=\"M438.6 278.6l-160 160C272.4 444.9 264.2 448 256 448s-16.38-3.125-22.62-9.375c-12.5-12.5-12.5-32.75 0-45.25L338.8 288H32C14.33 288 .0016 273.7 .0016 256S14.33 224 32 224h306.8l-105.4-105.4c-12.5-12.5-12.5-32.75 0-45.25s32.75-12.5 45.25 0l160 160C451.1 245.9 451.1 266.1 438.6 278.6z\"><\/path><\/svg><\/a><\/div><\/div><\/div>\n<\/div>\n\n\n\n<div class=\"wp-block-uagb-container uagb-block-7a559773\">\n<div class=\"wp-block-uagb-image uagb-block-d4134ad2 wp-block-uagb-image--layout-default wp-block-uagb-image--effect-static wp-block-uagb-image--align-none\"><figure class=\"wp-block-uagb-image__figure\"><img decoding=\"async\" srcset=\"https:\/\/asprea.org\/sitio\/wp-content\/uploads\/2023\/05\/teatro-julio-mario-100.png ,https:\/\/asprea.org\/sitio\/wp-content\/uploads\/2023\/05\/teatro-julio-mario-100.png 780w, https:\/\/asprea.org\/sitio\/wp-content\/uploads\/2022\/10\/Graphic-Design-4-300x236.jpg 360w\" sizes=\"auto, (max-width: 480px) 150px\" src=\"https:\/\/asprea.org\/sitio\/wp-content\/uploads\/2023\/05\/teatro-julio-mario-100.png\" alt=\"\" class=\"uag-image-1329\" width=\"565\" height=\"242\" title=\"\" loading=\"lazy\"\/><\/figure><\/div>\n<\/div>\n<\/div><\/div>\n\n\n\n<div class=\"wp-block-uagb-container uagb-block-20bf3550 alignfull uagb-is-root-container\"><div class=\"uagb-container-inner-blocks-wrap\">\n<div class=\"wp-block-uagb-container uagb-block-470929e1\">\n<div class=\"wp-block-uagb-image uagb-block-a689f37d wp-block-uagb-image--layout-default wp-block-uagb-image--effect-static wp-block-uagb-image--align-none\"><figure class=\"wp-block-uagb-image__figure\"><img decoding=\"async\" srcset=\"https:\/\/asprea.org\/sitio\/wp-content\/uploads\/2023\/05\/mesage3-antropos-min.png , https:\/\/asprea.org\/sitio\/wp-content\/uploads\/2023\/05\/mesage3-antropos-min-300x227.png 360w\" sizes=\"auto, (max-width: 480px) 150px\" src=\"https:\/\/asprea.org\/sitio\/wp-content\/uploads\/2023\/05\/mesage3-antropos-min.png\" alt=\"\" class=\"uag-image-1249\" width=\"580\" height=\"370\" title=\"\" loading=\"lazy\"\/><\/figure><\/div>\n<\/div>\n\n\n\n<div class=\"wp-block-uagb-container uagb-block-ccda5386\">\n<div class=\"wp-block-uagb-info-box uagb-block-ef2f417e uagb-infobox__content-wrap  uagb-infobox-icon-above-title uagb-infobox-image-valign-top\"><div class=\"uagb-ifb-content\"><div class=\"uagb-ifb-title-wrap\"><h3 class=\"uagb-ifb-title\">Ediciones Antropos Ltda.<\/h3><\/div><p class=\"uagb-ifb-desc\">Ofrece a los afiliados a Asprea un 10% de descuento en cualquiera de sus servicios de edici\u00f3n e impresi\u00f3n offset y digital de libros, revistas, papeler\u00eda comercial, tarjeter\u00eda y dem\u00e1s publicomerciales.<\/p><div class=\"uagb-ifb-button-wrapper wp-block-button\"><a href=\"https:\/\/www.edicionesantropos.com\/\" class=\"uagb-infobox-cta-link wp-block-button__link\" target=\"_blank\" rel=\"noopener noreferrer\" onclick=\"return true;\" alt=\"\"><span class=\"uagb-inline-editing\">ENLACE<\/span><\/a><\/div><\/div><\/div>\n<\/div>\n<\/div><\/div>\n\n\n\n<div class=\"wp-block-uagb-container uag-hide-desktop uag-hide-tab uag-hide-mob uagb-block-dea72339 alignfull uagb-is-root-container\"><div class=\"uagb-container-inner-blocks-wrap\">\n<div class=\"wp-block-uagb-container uagb-block-f2ffd409\">\n<div class=\"wp-block-uagb-info-box uagb-block-98385991 uagb-infobox__content-wrap  uagb-infobox-icon-above-title uagb-infobox-image-valign-top\"><div class=\"uagb-ifb-content\"><div class=\"uagb-ifb-title-wrap\"><h3 class=\"uagb-ifb-title\">Descuentos en Restaurante \u00abTienda de Caf\u00e9\u00bb<\/h3><\/div><p class=\"uagb-ifb-desc\">Para los asociados al d\u00eda en el pago de su membres\u00eda \u00abTienda de caf\u00e9\u00bb ofrece un descuento de 20% en sus consumos de gastronom\u00eda y bebidas. El restaurante est\u00e1 localizado en la localidad de Usaqu\u00e9n frente al parque principal, Calle 119 No.16-16 ( Aplican Restricciones)<\/p><div class=\"uagb-ifb-button-wrapper wp-block-button\"><a href=\"https:\/\/www.tiendadecafe.co\/\" target=\"_blank\" onclick=\"return true;\" class=\"uagb-infobox-cta-link\" rel=\"noopener noreferrer\" alt=\"\"><span class=\"uagb-inline-editing\">ENLACE<\/span><svg xmlns=\"https:\/\/www.w3.org\/2000\/svg\" viewBox=\"0 0 448 512\"><path d=\"M438.6 278.6l-160 160C272.4 444.9 264.2 448 256 448s-16.38-3.125-22.62-9.375c-12.5-12.5-12.5-32.75 0-45.25L338.8 288H32C14.33 288 .0016 273.7 .0016 256S14.33 224 32 224h306.8l-105.4-105.4c-12.5-12.5-12.5-32.75 0-45.25s32.75-12.5 45.25 0l160 160C451.1 245.9 451.1 266.1 438.6 278.6z\"><\/path><\/svg><\/a><\/div><\/div><\/div>\n<\/div>\n\n\n\n<div class=\"wp-block-uagb-container uagb-block-60487f5f\">\n<div class=\"wp-block-uagb-image uagb-block-4d97c8ac wp-block-uagb-image--layout-default wp-block-uagb-image--effect-static wp-block-uagb-image--align-none\"><figure class=\"wp-block-uagb-image__figure\"><img decoding=\"async\" srcset=\"https:\/\/asprea.org\/sitio\/wp-content\/uploads\/2023\/05\/tienda-de-cafe.jpeg ,https:\/\/websitedemos.net\/earth-08\/wp-content\/uploads\/sites\/1130\/2022\/10\/Graphic-Design-1024x806.jpg 780w, https:\/\/asprea.org\/sitio\/wp-content\/uploads\/2023\/05\/tienda-de-cafe-300x191.jpeg 360w\" sizes=\"auto, (max-width: 480px) 150px\" src=\"https:\/\/asprea.org\/sitio\/wp-content\/uploads\/2023\/05\/tienda-de-cafe.jpeg\" alt=\"\" class=\"uag-image-1407\" width=\"565\" height=\"242\" title=\"\" loading=\"lazy\"\/><\/figure><\/div>\n<\/div>\n<\/div><\/div>\n\n\n\n<div class=\"wp-block-uagb-container uagb-block-671b8fa0 alignfull uagb-is-root-container\"><div class=\"uagb-container__shape uagb-container__shape-top\"><svg xmlns=\"https:\/\/www.w3.org\/2000\/svg\" viewBox=\"0 0 1000 100\" preserveAspectRatio=\"none\"><path class=\"uagb-container__shape-fill\" opacity=\"0.33\" d=\"M473,67.3c-203.9,88.3-263.1-34-320.3,0C66,119.1,0,59.7,0,59.7V0h1000v59.7 c0,0-62.1,26.1-94.9,29.3c-32.8,3.3-62.8-12.3-75.8-22.1C806,49.6,745.3,8.7,694.9,4.7S492.4,59,473,67.3z\"><\/path><path class=\"uagb-container__shape-fill\" opacity=\"0.66\" d=\"M734,67.3c-45.5,0-77.2-23.2-129.1-39.1c-28.6-8.7-150.3-10.1-254,39.1 s-91.7-34.4-149.2,0C115.7,118.3,0,39.8,0,39.8V0h1000v36.5c0,0-28.2-18.5-92.1-18.5C810.2,18.1,775.7,67.3,734,67.3z\"><\/path><path class=\"uagb-container__shape-fill\" d=\"M766.1,28.9c-200-57.5-266,65.5-395.1,19.5C242,1.8,242,5.4,184.8,20.6C128,35.8,132.3,44.9,89.9,52.5C28.6,63.7,0,0,0,0 h1000c0,0-9.9,40.9-83.6,48.1S829.6,47,766.1,28.9z\"><\/path><\/svg><\/div><div class=\"uagb-container-inner-blocks-wrap\"><\/div><\/div>\n","protected":false},"excerpt":{"rendered":"<p>Servicios Entre los principales servicios que se ofrece al pertenecer a la asociaci\u00f3n se cuentan la participaci\u00f3n en seminarios de temas de actualidad, excursiones, concursos, convenios de descuento con teatros, restaurantes y casas editoriales, posibilidad de liderar proyectos de inter\u00e9s en el marco de la cooperaci\u00f3n colombo-alemana, as\u00ed como informaci\u00f3n de oportunidades acad\u00e9micas de posgrado [&hellip;]<\/p>\n","protected":false},"author":1,"featured_media":0,"parent":0,"menu_order":0,"comment_status":"closed","ping_status":"closed","template":"","meta":{"_uag_custom_page_level_css":"","site-sidebar-layout":"default","site-content-layout":"","ast-site-content-layout":"default","site-content-style":"default","site-sidebar-style":"default","ast-global-header-display":"","ast-banner-title-visibility":"","ast-main-header-display":"","ast-hfb-above-header-display":"","ast-hfb-below-header-display":"","ast-hfb-mobile-header-display":"","site-post-title":"disabled","ast-breadcrumbs-content":"","ast-featured-img":"","footer-sml-layout":"","theme-transparent-header-meta":"disabled","adv-header-id-meta":"","stick-header-meta":"","header-above-stick-meta":"","header-main-stick-meta":"","header-below-stick-meta":"","astra-migrate-meta-layouts":"set","ast-page-background-enabled":"default","ast-page-background-meta":{"desktop":{"background-color":"var(--ast-global-color-4)","background-image":"","background-repeat":"repeat","background-position":"center center","background-size":"auto","background-attachment":"scroll","background-type":"","background-media":"","overlay-type":"","overlay-color":"","overlay-opacity":"","overlay-gradient":""},"tablet":{"background-color":"","background-image":"","background-repeat":"repeat","background-position":"center center","background-size":"auto","background-attachment":"scroll","background-type":"","background-media":"","overlay-type":"","overlay-color":"","overlay-opacity":"","overlay-gradient":""},"mobile":{"background-color":"","background-image":"","background-repeat":"repeat","background-position":"center center","background-size":"auto","background-attachment":"scroll","background-type":"","background-media":"","overlay-type":"","overlay-color":"","overlay-opacity":"","overlay-gradient":""}},"ast-content-background-meta":{"desktop":{"background-color":"var(--ast-global-color-5)","background-image":"","background-repeat":"repeat","background-position":"center center","background-size":"auto","background-attachment":"scroll","background-type":"","background-media":"","overlay-type":"","overlay-color":"","overlay-opacity":"","overlay-gradient":""},"tablet":{"background-color":"var(--ast-global-color-5)","background-image":"","background-repeat":"repeat","background-position":"center center","background-size":"auto","background-attachment":"scroll","background-type":"","background-media":"","overlay-type":"","overlay-color":"","overlay-opacity":"","overlay-gradient":""},"mobile":{"background-color":"var(--ast-global-color-5)","background-image":"","background-repeat":"repeat","background-position":"center center","background-size":"auto","background-attachment":"scroll","background-type":"","background-media":"","overlay-type":"","overlay-color":"","overlay-opacity":"","overlay-gradient":""}},"footnotes":""},"class_list":["post-77","page","type-page","status-publish","hentry"],"uagb_featured_image_src":{"full":false,"thumbnail":false,"medium":false,"medium_large":false,"large":false,"1536x1536":false,"2048x2048":false},"uagb_author_info":{"display_name":"master","author_link":"https:\/\/asprea.org\/index.php\/author\/master\/"},"uagb_comment_info":0,"uagb_excerpt":"Servicios Entre los principales servicios que se ofrece al pertenecer a la asociaci\u00f3n se cuentan la participaci\u00f3n en seminarios de temas de actualidad, excursiones, concursos, convenios de descuento con teatros, restaurantes y casas editoriales, posibilidad de liderar proyectos de inter\u00e9s en el marco de la cooperaci\u00f3n colombo-alemana, as\u00ed como informaci\u00f3n de oportunidades acad\u00e9micas de posgrado&hellip;","_links":{"self":[{"href":"https:\/\/asprea.org\/index.php\/wp-json\/wp\/v2\/pages\/77","targetHints":{"allow":["GET"]}}],"collection":[{"href":"https:\/\/asprea.org\/index.php\/wp-json\/wp\/v2\/pages"}],"about":[{"href":"https:\/\/asprea.org\/index.php\/wp-json\/wp\/v2\/types\/page"}],"author":[{"embeddable":true,"href":"https:\/\/asprea.org\/index.php\/wp-json\/wp\/v2\/users\/1"}],"replies":[{"embeddable":true,"href":"https:\/\/asprea.org\/index.php\/wp-json\/wp\/v2\/comments?post=77"}],"version-history":[{"count":75,"href":"https:\/\/asprea.org\/index.php\/wp-json\/wp\/v2\/pages\/77\/revisions"}],"predecessor-version":[{"id":1831,"href":"https:\/\/asprea.org\/index.php\/wp-json\/wp\/v2\/pages\/77\/revisions\/1831"}],"wp:attachment":[{"href":"https:\/\/asprea.org\/index.php\/wp-json\/wp\/v2\/media?parent=77"}],"curies":[{"name":"wp","href":"https:\/\/api.w.org\/{rel}","templated":true}]}}